{"id":5199,"date":"2015-09-30T13:22:29","date_gmt":"2015-09-30T13:22:29","guid":{"rendered":"http:\/\/www.6400studio.com.ar?page_id=5199"},"modified":"2019-10-21T20:36:39","modified_gmt":"2019-10-21T20:36:39","slug":"home-8-photography-studio","status":"publish","type":"page","link":"https:\/\/www.6400studio.com.ar\/","title":{"rendered":"Home 8 &#8211; Photography Studio"},"content":{"rendered":"<div  class=\"one ppb_card_two_cols_with_image\" style=\"position:relative;padding:0px 0 0px 0;\" >\n<div class=\"standard_wrapper\">\n<div class=\"page_content_wrapper\">\n<div class=\"inner\">\n<div class=\"one_half parallax_scroll\" style=\"width:50%;position:absolute;padding:0px;z-index:2;block !important;background:#fff;\" data-stellar-ratio=\"1.3\">\n<h2 class=\"ppb_title\" style=\"\">Bodas<\/h2>\n<div class=\"ppb_header_content\">\n<p class=\"p1\"><span style=\"color: #4b4b4b;\">Una boda es la celebraci\u00f3n del amor!<\/span><\/p>\n<p style=\"color: #666666;\"><span style=\"font-weight: inherit; font-style: inherit; color: #4b4f56;\">Nos encanta cubrir estos momentos porque nuestras fotograf\u00edas se llenan de sonrisas, besos, flores y baile! Ofrecemos la cobertura de la ceremonia tanto civil como por iglesia y la fiesta. Tambi\u00e9n tenemos paquetes que incluyen el \u201cGetting Ready\u201d (es decir el momento de preparaci\u00f3n de los novios) y las \u201cE-Session\u201d que son sesiones, generalmente realizadas los d\u00edas previos a la boda en exteriores, para que los novios se lleven el recuerdo m\u00e1s rom\u00e1ntico de todos.<\/span><\/p>\n<p><!--more--><\/p>\n<p style=\"color: #666666;\"><span style=\"font-weight: inherit; font-style: inherit; color: #4b4f56;\">Somos los primeros en llegar y los \u00faltimos en irnos, garantizando la cobertura de todos los momentos importantes . Como trabajamos en equipo podemos asegurar diferentes puntos de vista y que el resultado sean fotos impecables. Tenemos tambi\u00e9n varias opciones a elegir para la entrega del producto: cd, cd con estuche de lujo, con pen drive o libros impresos. No dudes en contactarnos y solicitar una entrevista en nuestro \u00a0estudio, sin compromiso, para conocernos y contestar todas tus dudas.<\/span><\/p>\n<p><img loading=\"lazy\" decoding=\"async\" class=\"alignnone size-medium wp-image-7421\" src=\"https:\/\/www.6400studio.com.ar\/wp-content\/uploads\/2018\/05\/FGS_5545-300x200.jpg\" alt=\"\" width=\"300\" height=\"200\" \/><\/p>\n<\/div>\n<\/div>\n<div class=\"one_half parallax_scroll_image last\" style=\"width:50%;\"><\/div>\n<p><br class=\"clear\"\/><\/div>\n<\/div>\n<\/div>\n<\/div>\n<div  class=\"one ppb_card_two_cols_with_image\" style=\"position:relative;padding:0px 0 0px 0;\" >\n<div class=\"standard_wrapper\">\n<div class=\"page_content_wrapper\">\n<div class=\"inner\">\n<div class=\"one_half parallax_scroll\" style=\"width:50%;position:absolute;padding:0px;z-index:2;block !important;background:#fff;\" data-stellar-ratio=\"1.3\">\n<h2 class=\"ppb_title\" style=\"\">Fifteen<\/h2>\n<div class=\"ppb_header_content\">\n<p><span style=\"color: #4b4f56;\">\u00a0<span style=\"color: #666666;\">Cumplir 15 a\u00f1os es un acontecimiento! Ofrecemos books en estudio y en exteriores, y una cobertura completo de la fiesta y los preparativos.<\/span><\/span><!--more--><\/p>\n<p><span style=\"color: #4b4f56;\"><span style=\"color: #666666;\">Nos interesa resaltar las cualidades de cada chica, hacerlas sentir c\u00f3modas, tranquilas y que sea una experiencia inolvidable. Acordamos previamente entre todos (cumplea\u00f1era, padres y fot\u00f3grafos) el estilo y est\u00e9tica deseados.<\/span><\/span><\/p>\n<p><span style=\"color: #4b4f56;\"><br style=\"color: #666666;\" \/><span style=\"color: #666666;\">Porque una foto vale m\u00e1s que mil palabras todos los detalles, las locaciones y el vestuario deben ser un reflejo de su personalidad y una herramienta para hacerla ver aun m\u00e1s hermosa.<\/span><\/span><\/p>\n<\/div>\n<\/div>\n<div class=\"one_half parallax_scroll_image last\" style=\"width:50%;\"><\/div>\n<p><br class=\"clear\"\/><\/div>\n<\/div>\n<\/div>\n<\/div>\n<div  class=\"one withsmallpadding ppb_content_center_bg \" style=\"height:600px;\" ><\/div>\n<div  class=\"one withsmallpadding ppb_content_center_bg \" style=\"height:600px;\" ><\/div>\n","protected":false},"excerpt":{"rendered":"<p>Bodas Una boda es la celebraci\u00f3n del amor! Nos encanta cubrir estos momentos porque nuestras fotograf\u00edas se llenan de sonrisas, besos, flores y baile! Ofrecemos la cobertura de la ceremonia tanto civil como por iglesia y la fiesta. Tambi\u00e9n tenemos [&hellip;]<\/p>\n","protected":false},"author":1,"featured_media":0,"parent":3602,"menu_order":0,"comment_status":"closed","ping_status":"closed","template":"","meta":{"footnotes":""},"class_list":["post-5199","page","type-page","status-publish","hentry"],"_links":{"self":[{"href":"https:\/\/www.6400studio.com.ar\/index.php?rest_route=\/wp\/v2\/pages\/5199","targetHints":{"allow":["GET"]}}],"collection":[{"href":"https:\/\/www.6400studio.com.ar\/index.php?rest_route=\/wp\/v2\/pages"}],"about":[{"href":"https:\/\/www.6400studio.com.ar\/index.php?rest_route=\/wp\/v2\/types\/page"}],"author":[{"embeddable":true,"href":"https:\/\/www.6400studio.com.ar\/index.php?rest_route=\/wp\/v2\/users\/1"}],"replies":[{"embeddable":true,"href":"https:\/\/www.6400studio.com.ar\/index.php?rest_route=%2Fwp%2Fv2%2Fcomments&post=5199"}],"version-history":[{"count":260,"href":"https:\/\/www.6400studio.com.ar\/index.php?rest_route=\/wp\/v2\/pages\/5199\/revisions"}],"predecessor-version":[{"id":8531,"href":"https:\/\/www.6400studio.com.ar\/index.php?rest_route=\/wp\/v2\/pages\/5199\/revisions\/8531"}],"up":[{"embeddable":true,"href":"https:\/\/www.6400studio.com.ar\/index.php?rest_route=\/wp\/v2\/pages\/3602"}],"wp:attachment":[{"href":"https:\/\/www.6400studio.com.ar\/index.php?rest_route=%2Fwp%2Fv2%2Fmedia&parent=5199"}],"curies":[{"name":"wp","href":"https:\/\/api.w.org\/{rel}","templated":true}]}}